{"id":2,"date":"2021-02-07T11:29:50","date_gmt":"2021-02-07T11:29:50","guid":{"rendered":"https:\/\/baskayaklasimlar.org\/?page_id=2"},"modified":"2021-02-10T14:43:03","modified_gmt":"2021-02-10T14:43:03","slug":"sample-page","status":"publish","type":"page","link":"https:\/\/baskayaklasimlar.org\/?page_id=2","title":{"rendered":"Ho\u015fgeldiniz!"},"content":{"rendered":"\n<p>Ba\u015fka Yakla\u015f\u0131mlar, sivil toplum ve toplumsal kalk\u0131nma alan\u0131nda d\u00fcnyadaki g\u00fcncel y\u00f6ntemler, ara\u00e7lar, deneyimler, tart\u0131\u015fmalar hakk\u0131nda payla\u015f\u0131mlar sunmay\u0131 hedefliyor. T\u00fcrkiye&#8217;de sivil toplum \u00e7al\u0131\u015fmalar\u0131 ve toplumsal kalk\u0131nma giri\u015fimlerinin i\u015flerini daha iyi yapma \u00e7abalar\u0131na, d\u00fcnyan\u0131n farkl\u0131 yerlerindeki deneyimleri, y\u00f6ntemleri, ara\u00e7lar\u0131 payla\u015farak katk\u0131da bulunmay\u0131 istiyoruz. <\/p>\n\n\n\n<p>Blog, uzun zamand\u0131r ihtiya\u00e7 duydu\u011fumuz bir ortak \u00e7al\u0131\u015fma imkan\u0131 olarak, meslek hayat\u0131n\u0131 toplumsal kalk\u0131nma alan\u0131nda ge\u00e7irmi\u015f bir grup arkada\u015f\u0131n kolektif bir \u00e7abas\u0131 ile 2021&#8217;de dijital alanda hayat bulabildi. Ba\u015fka Yakla\u015f\u0131mlar ilham\u0131n\u0131, birbirimizle yolumuz kesi\u015ftik\u00e7e payla\u015ft\u0131\u011f\u0131m\u0131z deneyimlerden, anlatmaya- dinlemeye vakit bulamad\u0131\u011f\u0131m\u0131z meraklar\u0131m\u0131zdan ve birlikte d\u00fc\u015f\u00fcnme dileklerimizden al\u0131yor. Katk\u0131da bulunanlar i\u00e7in uzaklar\u0131 yak\u0131n etmeye, okuyanlar i\u00e7in farkl\u0131 olanaklar\u0131 ak\u0131llara d\u00fc\u015f\u00fcrme niyetimiz var.  <\/p>\n\n\n\n<p>Umar\u0131z payla\u015ft\u0131klar\u0131m\u0131z, arad\u0131\u011f\u0131n\u0131z yan\u0131tlara yakla\u015fman\u0131za yard\u0131mc\u0131 olur. Bize \u00fcst men\u00fcdeki ileti\u015fim formunu doldurarak ula\u015fabilirsiniz. <\/p>\n","protected":false},"excerpt":{"rendered":"<p>Ba\u015fka Yakla\u015f\u0131mlar, sivil toplum ve toplumsal kalk\u0131nma alan\u0131nda d\u00fcnyadaki g\u00fcncel y\u00f6ntemler, ara\u00e7lar, deneyimler, tart\u0131\u015fmalar hakk\u0131nda payla\u015f\u0131mlar sunmay\u0131 hedefliyor. T\u00fcrkiye&#8217;de sivil toplum \u00e7al\u0131\u015fmalar\u0131 ve toplumsal kalk\u0131nma giri\u015fimlerinin i\u015flerini daha iyi yapma \u00e7abalar\u0131na, d\u00fcnyan\u0131n farkl\u0131 yerlerindeki deneyimleri, y\u00f6ntemleri, ara\u00e7lar\u0131 payla\u015farak katk\u0131da bulunmay\u0131 istiyoruz. Blog, uzun zamand\u0131r ihtiya\u00e7 duydu\u011fumuz bir ortak \u00e7al\u0131\u015fma imkan\u0131 olarak, meslek hayat\u0131n\u0131 toplumsal kalk\u0131nma [&hellip;]<\/p>\n","protected":false},"author":1,"featured_media":0,"parent":0,"menu_order":0,"comment_status":"closed","ping_status":"closed","template":"","meta":{"spay_email":"","footnotes":""},"class_list":["post-2","page","type-page","status-publish","hentry","missing-thumbnail"],"_links":{"self":[{"href":"https:\/\/baskayaklasimlar.org\/index.php?rest_route=\/wp\/v2\/pages\/2","targetHints":{"allow":["GET"]}}],"collection":[{"href":"https:\/\/baskayaklasimlar.org\/index.php?rest_route=\/wp\/v2\/pages"}],"about":[{"href":"https:\/\/baskayaklasimlar.org\/index.php?rest_route=\/wp\/v2\/types\/page"}],"author":[{"embeddable":true,"href":"https:\/\/baskayaklasimlar.org\/index.php?rest_route=\/wp\/v2\/users\/1"}],"replies":[{"embeddable":true,"href":"https:\/\/baskayaklasimlar.org\/index.php?rest_route=%2Fwp%2Fv2%2Fcomments&post=2"}],"version-history":[{"count":3,"href":"https:\/\/baskayaklasimlar.org\/index.php?rest_route=\/wp\/v2\/pages\/2\/revisions"}],"predecessor-version":[{"id":27,"href":"https:\/\/baskayaklasimlar.org\/index.php?rest_route=\/wp\/v2\/pages\/2\/revisions\/27"}],"wp:attachment":[{"href":"https:\/\/baskayaklasimlar.org\/index.php?rest_route=%2Fwp%2Fv2%2Fmedia&parent=2"}],"curies":[{"name":"wp","href":"https:\/\/api.w.org\/{rel}","templated":true}]}}

Hoşgeldiniz!

<p>Başka Yaklaşımlar, sivil toplum ve toplumsal kalkınma alanında dünyadaki güncel yöntemler, araçlar, deneyimler, tartışmalar hakkında paylaşımlar sunmayı hedefliyor. Türkiye&#8217;de sivil toplum çalışmaları ve toplumsal kalkınma girişimlerinin işlerini daha iyi yapma çabalarına, dünyanın farklı yerlerindeki deneyimleri, yöntemleri, araçları paylaşarak katkıda bulunmayı istiyoruz. </p>



<p>Blog, uzun zamandır ihtiyaç duyduğumuz bir ortak çalışma imkanı olarak, meslek hayatını toplumsal kalkınma alanında geçirmiş bir grup arkadaşın kolektif bir çabası ile 2021&#8217;de dijital alanda hayat bulabildi. Başka Yaklaşımlar ilhamını, birbirimizle yolumuz kesiştikçe paylaştığımız deneyimlerden, anlatmaya- dinlemeye vakit bulamadığımız meraklarımızdan ve birlikte düşünme dileklerimizden alıyor. Katkıda bulunanlar için uzakları yakın etmeye, okuyanlar için farklı olanakları akıllara düşürme niyetimiz var.  </p>



<p>Umarız paylaştıklarımız, aradığınız yanıtlara yaklaşmanıza yardımcı olur. Bize üst menüdeki iletişim formunu doldurarak ulaşabilirsiniz. </p>

<p>Başka Yaklaşımlar, sivil toplum ve toplumsal kalkınma alanında dünyadaki güncel yöntemler, araçlar, deneyimler, tartışmalar hakkında paylaşımlar sunmayı hedefliyor. Türkiye&#8217;de sivil toplum çalışmaları ve toplumsal kalkınma girişimlerinin işlerini daha iyi yapma çabalarına, dünyanın farklı yerlerindeki deneyimleri, yöntemleri, araçları paylaşarak katkıda bulunmayı istiyoruz. Blog, uzun zamandır ihtiyaç duyduğumuz bir ortak çalışma imkanı olarak, meslek hayatını toplumsal kalkınma [&hellip;]</p>
